{"id":3299,"date":"2018-02-20T19:04:16","date_gmt":"2018-02-20T19:04:16","guid":{"rendered":"http:\/\/www.naturalsafe.cl\/sitio\/?page_id=3299"},"modified":"2018-08-24T12:51:23","modified_gmt":"2018-08-24T12:51:23","slug":"vision","status":"publish","type":"page","link":"https:\/\/www.naturalsafe.cl\/sitio\/vision\/","title":{"rendered":"Visi\u00f3n"},"content":{"rendered":"<p style=\"text-align: center;\"><strong>VISI\u00d3N<\/strong><\/p>\n<p>Adem\u00e1s de ser Pioneros en nuestro pa\u00eds, seguiremos potenciando la tecnolog\u00eda HPP y diversas tecnolog\u00edas vanguardistas que nos permitan preservar la salud alimentaria no solo de nuestro pa\u00eds sino de los pa\u00edses del mundo entero, buscamos expandirnos y crecer brindando d\u00eda a d\u00eda mayores y mejores soluciones, convirti\u00e9ndonos as\u00ed en l\u00edderes, de la industria alimenticia a nivel mundial.<\/p>\n","protected":false},"excerpt":{"rendered":"<p>VISI\u00d3N Adem\u00e1s de ser Pioneros en nuestro pa\u00eds, seguiremos potenciando la tecnolog\u00eda HPP y diversas tecnolog\u00edas vanguardistas que nos permitan preservar la salud alimentaria no solo de nuestro pa\u00eds sino de los pa\u00edses del mundo entero, buscamos expandirnos y crecer brindando d\u00eda a d\u00eda mayores y mejores soluciones, convirti\u00e9ndonos as\u00ed en l\u00edderes, de la industria [&hellip;]<\/p>\n","protected":false},"author":1,"featured_media":0,"parent":0,"menu_order":0,"comment_status":"closed","ping_status":"closed","template":"","meta":[],"_links":{"self":[{"href":"https:\/\/www.naturalsafe.cl\/sitio\/wp-json\/wp\/v2\/pages\/3299"}],"collection":[{"href":"https:\/\/www.naturalsafe.cl\/sitio\/wp-json\/wp\/v2\/pages"}],"about":[{"href":"https:\/\/www.naturalsafe.cl\/sitio\/wp-json\/wp\/v2\/types\/page"}],"author":[{"embeddable":true,"href":"https:\/\/www.naturalsafe.cl\/sitio\/wp-json\/wp\/v2\/users\/1"}],"replies":[{"embeddable":true,"href":"https:\/\/www.naturalsafe.cl\/sitio\/wp-json\/wp\/v2\/comments?post=3299"}],"version-history":[{"count":4,"href":"https:\/\/www.naturalsafe.cl\/sitio\/wp-json\/wp\/v2\/pages\/3299\/revisions"}],"predecessor-version":[{"id":3342,"href":"https:\/\/www.naturalsafe.cl\/sitio\/wp-json\/wp\/v2\/pages\/3299\/revisions\/3342"}],"wp:attachment":[{"href":"https:\/\/www.naturalsafe.cl\/sitio\/wp-json\/wp\/v2\/media?parent=3299"}],"curies":[{"name":"wp","href":"https:\/\/api.w.org\/{rel}","templated":true}]}}