{"id":3289,"date":"2017-12-18T11:19:46","date_gmt":"2017-12-18T11:19:46","guid":{"rendered":"http:\/\/www.naturalsafe.cl\/sitio\/?page_id=3289"},"modified":"2018-03-20T11:24:43","modified_gmt":"2018-03-20T11:24:43","slug":"politica-de-inocuidad","status":"publish","type":"page","link":"https:\/\/www.naturalsafe.cl\/sitio\/politica-de-inocuidad\/","title":{"rendered":"Pol\u00edtica de Inocuidad"},"content":{"rendered":"<p><img loading=\"lazy\" class=\"alignnone size-medium wp-image-3232 aligncenter\" src=\"http:\/\/www.naturalsafe.cl\/sitio\/wp-content\/uploads\/2017\/01\/iso-naturalsafe-03-300x89.png\" alt=\"iso-naturalsafe-03\" width=\"300\" height=\"89\" srcset=\"https:\/\/www.naturalsafe.cl\/sitio\/wp-content\/uploads\/2017\/01\/iso-naturalsafe-03-300x89.png 300w, https:\/\/www.naturalsafe.cl\/sitio\/wp-content\/uploads\/2017\/01\/iso-naturalsafe-03.png 376w\" sizes=\"(max-width: 300px) 100vw, 300px\" \/><\/p>\n<ol>\n<li><strong> POLITICA DE CALIDAD E INOCUIDAD ALIMENTARIA.<\/strong><\/li>\n<\/ol>\n<p>NATURAL SAFE SPA Es una empresa nacional dedicada al procesamiento por altas presiones HPP (High Pressure Processing) o Proceso de pasteurizaci\u00f3n no t\u00e9rmica de productos alimenticios envasados. Buscamos satisfacer las expectativas de nuestros clientes garantizando la inocuidad, seguridad, legalidad, calidad, procesos y sustentabilidad de estos, como tambi\u00e9n el cuidado del medio ambiente y ser competitivos en el mercado, buscando la excelencia a trav\u00e9s de la mejora continua y trabajando en la implementaci\u00f3n de un Sistema de Aseguramiento de Calidad e Inocuidad alimentaria aplicable a toda la empresa y bajo un sistema de an\u00e1lisis de peligros y puntos cr\u00edticos de control que nos permite asegurar la inocuidad alimentaria de los productos alimenticios envasados que procesamos.<\/p>\n<p>Para el cumplimiento de nuestra pol\u00edtica, hemos definido los siguientes objetivos;<\/p>\n<p>Incorporar a todo el personal de la compa\u00f1\u00eda en el Aseguramiento de la Calidad: gerencia, administraci\u00f3n, jefaturas y operarios.<\/p>\n<p>Capacitar permanentemente a nuestro personal respecto a higiene y manipulaci\u00f3n de alimentos, seguridad laboral, etc. Para lo cual se ha establecido un plan de capacitaci\u00f3n anual.<\/p>\n<p>Mantener en nuestro proceso completo el sistema de an\u00e1lisis de peligros y puntos cr\u00edticos de control.<\/p>\n<p>Evaluar y revisar todos nuestros procesos operativos y administrativos como parte de la mejora continua.<\/p>\n<p>Llevar a cabo nuestros procesos, garantizando los m\u00e1s altos est\u00e1ndares de calidad, de manera que se satisfaga plenamente a nuestros clientes y exista un enfoque hacia la mejora continua de nuestros procesos.<\/p>\n<p>Garantizar que la producci\u00f3n est\u00e9 sometida a controles rigurosos que asegure la inocuidad del producto, por el cumplimiento de las normas de higiene y seguridad alimentaria aplicables a nuestros productos, procesos e instalaciones como tambi\u00e9n el cumplimiento de los requisitos de nuestros clientes.<\/p>\n<p>Mantener activo un compromiso de trabajo de gerencia, administraci\u00f3n, jefaturas y operarios, para garantizar que nuestros procesos cumplan siempre con aspectos de inocuidad, seguridad, legalidad y calidad de estos.<\/p>\n<p>Mantener un compromiso con el cuidado del medio ambiente y sustentabilidad de nuestros procesos. Para lo cual se reciclar\u00e1 en contenedores separados el 100 % del cart\u00f3n, pallets de madera, pl\u00e1sticos generado de acuerdo a nuestro procedimiento de manejo de desechos.<\/p>\n<p>Colaborar y mantener siempre una fluida comunicaci\u00f3n con nuestros clientes para satisfacer sus consultas y requerimientos.<\/p>\n<p>Mantener nuestras especificaciones de proceso y de productos disponibles, para el an\u00e1lisis continuo de mejora continua. Todas nuestras especificaciones de funcionamiento est\u00e1n disponibles en cualquier momento para nuestros clientes.<\/p>\n<p>Promover esta pol\u00edtica y asegurar que es entendida, implementada y mantenida en todos los niveles de nuestra organizaci\u00f3n, destacando siempre la importancia del trabajo y el rol de cada integrante de la organizaci\u00f3n.<\/p>\n<p>&nbsp;<\/p>\n","protected":false},"excerpt":{"rendered":"<p>POLITICA DE CALIDAD E INOCUIDAD ALIMENTARIA. NATURAL SAFE SPA Es una empresa nacional dedicada al procesamiento por altas presiones HPP (High Pressure Processing) o Proceso de pasteurizaci\u00f3n no t\u00e9rmica de productos alimenticios envasados. Buscamos satisfacer las expectativas de nuestros clientes garantizando la inocuidad, seguridad, legalidad, calidad, procesos y sustentabilidad de estos, como tambi\u00e9n el cuidado [&hellip;]<\/p>\n","protected":false},"author":1,"featured_media":0,"parent":0,"menu_order":0,"comment_status":"closed","ping_status":"closed","template":"","meta":[],"_links":{"self":[{"href":"https:\/\/www.naturalsafe.cl\/sitio\/wp-json\/wp\/v2\/pages\/3289"}],"collection":[{"href":"https:\/\/www.naturalsafe.cl\/sitio\/wp-json\/wp\/v2\/pages"}],"about":[{"href":"https:\/\/www.naturalsafe.cl\/sitio\/wp-json\/wp\/v2\/types\/page"}],"author":[{"embeddable":true,"href":"https:\/\/www.naturalsafe.cl\/sitio\/wp-json\/wp\/v2\/users\/1"}],"replies":[{"embeddable":true,"href":"https:\/\/www.naturalsafe.cl\/sitio\/wp-json\/wp\/v2\/comments?post=3289"}],"version-history":[{"count":6,"href":"https:\/\/www.naturalsafe.cl\/sitio\/wp-json\/wp\/v2\/pages\/3289\/revisions"}],"predecessor-version":[{"id":3307,"href":"https:\/\/www.naturalsafe.cl\/sitio\/wp-json\/wp\/v2\/pages\/3289\/revisions\/3307"}],"wp:attachment":[{"href":"https:\/\/www.naturalsafe.cl\/sitio\/wp-json\/wp\/v2\/media?parent=3289"}],"curies":[{"name":"wp","href":"https:\/\/api.w.org\/{rel}","templated":true}]}}