{"id":1212,"date":"2013-04-05T17:05:24","date_gmt":"2013-04-05T17:05:24","guid":{"rendered":"http:\/\/www.kriesi.at\/themes\/enfold\/?page_id=1212"},"modified":"2017-02-23T04:28:31","modified_gmt":"2017-02-23T04:28:31","slug":"team","status":"publish","type":"page","link":"https:\/\/www.naturalsafe.cl\/sitio\/pages\/team\/","title":{"rendered":"Con\u00f3zcanos"},"content":{"rendered":"<section class=\"av_textblock_section \"  itemscope=\"itemscope\" itemtype=\"https:\/\/schema.org\/CreativeWork\" ><div class='avia_textblock  '   itemprop=\"text\" ><h2 style=\"text-align: center;\">Nuestro proceso<\/h2>\n<p>Proceso de conservaci\u00f3n de alimentos por alta presi\u00f3n ayuda a las empresas de comidas naturales y bebestibles a aplicar el proceso de alta presi\u00f3n en alimentos sin riesgo.<\/p>\n<\/div><\/section>\n<div   data-size='entry_without_sidebar'  data-lightbox_size='large'  data-animation='slide'  data-conditional_play=''  data-ids='3248,3245,3247,3244,3243,3249'  data-video_counter='0'  data-autoplay='false'  data-bg_slider='false'  data-slide_height=''  data-handle='av_slideshow'  data-interval='5'  data-class=' avia-builder-el-1  el_after_av_textblock  avia-builder-el-last  '  data-el_id=''  data-css_id=''  data-scroll_down=''  data-control_layout=''  data-custom_markup=''  data-perma_caption=''  data-autoplay_stopper=''  data-image_attachment=''  data-min_height='0px'  data-lazy_loading='disabled'  data-default-height='34.95867768595'  class='avia-slideshow avia-slideshow-1  av-default-height-applied avia-slideshow-entry_without_sidebar av_slideshow  avia-builder-el-1  el_after_av_textblock  avia-builder-el-last   avia-slide-slider '  itemprop=\"image\" itemscope=\"itemscope\" itemtype=\"https:\/\/schema.org\/ImageObject\" ><ul class='avia-slideshow-inner ' style='padding-bottom: 50.059171597633%;' ><li  class=' slide-1 ' ><div data-rel='slideshow-1' class='avia-slide-wrap '   ><img class=\"wp-image-3248 avia-img-lazy-loading-not-3248\"  src=\"https:\/\/www.naturalsafe.cl\/sitio\/wp-content\/uploads\/2011\/12\/2-845x650-5-845x423.jpg\" width=\"845\" height=\"423\" title='2-845x650-5' alt=''  itemprop=\"thumbnailUrl\"   \/><\/div><\/li><li  class=' slide-2 ' ><div data-rel='slideshow-1' class='avia-slide-wrap '   ><img class=\"wp-image-3245 avia-img-lazy-loading-not-3245\"  src=\"https:\/\/www.naturalsafe.cl\/sitio\/wp-content\/uploads\/2017\/02\/2-845x650-2-845x423.png\" width=\"845\" height=\"423\" title='2-845x650-2' alt=''  itemprop=\"thumbnailUrl\"   \/><\/div><\/li><li  class=' slide-3 ' ><div data-rel='slideshow-1' class='avia-slide-wrap '   ><img class=\"wp-image-3247 avia-img-lazy-loading-not-3247\"  src=\"https:\/\/www.naturalsafe.cl\/sitio\/wp-content\/uploads\/2011\/12\/2-845x650-6-845x423.jpg\" width=\"845\" height=\"423\" title='2-845x650-6' alt=''  itemprop=\"thumbnailUrl\"   \/><\/div><\/li><li  class=' slide-4 ' ><div data-rel='slideshow-1' class='avia-slide-wrap '   ><img class=\"wp-image-3244 avia-img-lazy-loading-not-3244\"  src=\"https:\/\/www.naturalsafe.cl\/sitio\/wp-content\/uploads\/2017\/02\/2-845x650-845x423.png\" width=\"845\" height=\"423\" title='2-845x650' alt=''  itemprop=\"thumbnailUrl\"   \/><\/div><\/li><li  class=' slide-5 ' ><div data-rel='slideshow-1' class='avia-slide-wrap '   ><img class=\"wp-image-3243 avia-img-lazy-loading-not-3243\"  src=\"https:\/\/www.naturalsafe.cl\/sitio\/wp-content\/uploads\/2017\/02\/2-845x650-3-845x423.jpg\" width=\"845\" height=\"423\" title='2-845x650-3' alt=''  itemprop=\"thumbnailUrl\"   \/><\/div><\/li><li  class=' slide-6 ' ><div data-rel='slideshow-1' class='avia-slide-wrap '   ><img class=\"wp-image-3249 avia-img-lazy-loading-not-3249\"  src=\"https:\/\/www.naturalsafe.cl\/sitio\/wp-content\/uploads\/2011\/12\/2-845x650-1-845x423.jpg\" width=\"845\" height=\"423\" title='2-845x650-1' alt=''  itemprop=\"thumbnailUrl\"   \/><\/div><\/li><\/ul><div class='avia-slideshow-arrows avia-slideshow-controls'><a href='#prev' tabindex='-1' class='prev-slide' aria-hidden='true' data-av_icon='\ue87c' data-av_iconfont='entypo-fontello'>Previous<\/a><a href='#next' tabindex='-1' class='next-slide' aria-hidden='true' data-av_icon='\ue87d' data-av_iconfont='entypo-fontello'>Next<\/a><\/div><div class='avia-slideshow-dots avia-slideshow-controls'><a href='#1' class='goto-slide active' >1<\/a><a href='#2' class='goto-slide ' >2<\/a><a href='#3' class='goto-slide ' >3<\/a><a href='#4' class='goto-slide ' >4<\/a><a href='#5' class='goto-slide ' >5<\/a><a href='#6' class='goto-slide ' >6<\/a><\/div><\/div>\n","protected":false},"excerpt":{"rendered":"","protected":false},"author":1,"featured_media":0,"parent":1122,"menu_order":0,"comment_status":"open","ping_status":"open","template":"","meta":[],"_links":{"self":[{"href":"https:\/\/www.naturalsafe.cl\/sitio\/wp-json\/wp\/v2\/pages\/1212"}],"collection":[{"href":"https:\/\/www.naturalsafe.cl\/sitio\/wp-json\/wp\/v2\/pages"}],"about":[{"href":"https:\/\/www.naturalsafe.cl\/sitio\/wp-json\/wp\/v2\/types\/page"}],"author":[{"embeddable":true,"href":"https:\/\/www.naturalsafe.cl\/sitio\/wp-json\/wp\/v2\/users\/1"}],"replies":[{"embeddable":true,"href":"https:\/\/www.naturalsafe.cl\/sitio\/wp-json\/wp\/v2\/comments?post=1212"}],"version-history":[{"count":5,"href":"https:\/\/www.naturalsafe.cl\/sitio\/wp-json\/wp\/v2\/pages\/1212\/revisions"}],"predecessor-version":[{"id":3278,"href":"https:\/\/www.naturalsafe.cl\/sitio\/wp-json\/wp\/v2\/pages\/1212\/revisions\/3278"}],"up":[{"embeddable":true,"href":"https:\/\/www.naturalsafe.cl\/sitio\/wp-json\/wp\/v2\/pages\/1122"}],"wp:attachment":[{"href":"https:\/\/www.naturalsafe.cl\/sitio\/wp-json\/wp\/v2\/media?parent=1212"}],"curies":[{"name":"wp","href":"https:\/\/api.w.org\/{rel}","templated":true}]}}